{"version":"1.0","provider_name":"MEID\u00c4N METS\u00c4MME \u2011kansalaisliike","provider_url":"https:\/\/meidanmetsamme.org","author_name":"teemule","author_url":"https:\/\/meidanmetsamme.org\/index.php\/author\/teemule\/","title":"Ihmiset kokevat mets\u00e4surua ja ymp\u00e4rist\u00f6ahdistusta - MEID\u00c4N METS\u00c4MME \u2011kansalaisliike","type":"rich","width":600,"height":338,"html":"<blockquote class=\"wp-embedded-content\" data-secret=\"09C3xWJi6a\"><a href=\"https:\/\/meidanmetsamme.org\/index.php\/2018\/10\/27\/ihmiset-kokevat-metsasurua-ja-ymparistoahdistusta\/\">Ihmiset kokevat mets\u00e4surua ja ymp\u00e4rist\u00f6ahdistusta<\/a><\/blockquote><iframe sandbox=\"allow-scripts\" security=\"restricted\" src=\"https:\/\/meidanmetsamme.org\/index.php\/2018\/10\/27\/ihmiset-kokevat-metsasurua-ja-ymparistoahdistusta\/embed\/#?secret=09C3xWJi6a\" width=\"600\" height=\"338\" title=\"&#8221;Ihmiset kokevat mets\u00e4surua ja ymp\u00e4rist\u00f6ahdistusta&#8221; &#8212; MEID\u00c4N METS\u00c4MME \u2011kansalaisliike\" data-secret=\"09C3xWJi6a\" frameborder=\"0\" marginwidth=\"0\" marginheight=\"0\" scrolling=\"no\" class=\"wp-embedded-content\"><\/iframe><script>\n\/*! This file is auto-generated *\/\n!function(d,l){\"use strict\";l.querySelector&&d.addEventListener&&\"undefined\"!=typeof URL&&(d.wp=d.wp||{},d.wp.receiveEmbedMessage||(d.wp.receiveEmbedMessage=function(e){var t=e.data;if((t||t.secret||t.message||t.value)&&!\/[^a-zA-Z0-9]\/.test(t.secret)){for(var s,r,n,a=l.querySelectorAll('iframe[data-secret=\"'+t.secret+'\"]'),o=l.querySelectorAll('blockquote[data-secret=\"'+t.secret+'\"]'),c=new RegExp(\"^https?:$\",\"i\"),i=0;i<o.length;i++)o[i].style.display=\"none\";for(i=0;i<a.length;i++)s=a[i],e.source===s.contentWindow&&(s.removeAttribute(\"style\"),\"height\"===t.message?(1e3<(r=parseInt(t.value,10))?r=1e3:~~r<200&&(r=200),s.height=r):\"link\"===t.message&&(r=new URL(s.getAttribute(\"src\")),n=new URL(t.value),c.test(n.protocol))&&n.host===r.host&&l.activeElement===s&&(d.top.location.href=t.value))}},d.addEventListener(\"message\",d.wp.receiveEmbedMessage,!1),l.addEventListener(\"DOMContentLoaded\",function(){for(var e,t,s=l.querySelectorAll(\"iframe.wp-embedded-content\"),r=0;r<s.length;r++)(t=(e=s[r]).getAttribute(\"data-secret\"))||(t=Math.random().toString(36).substring(2,12),e.src+=\"#?secret=\"+t,e.setAttribute(\"data-secret\",t)),e.contentWindow.postMessage({message:\"ready\",secret:t},\"*\")},!1)))}(window,document);\n\/\/# sourceURL=https:\/\/meidanmetsamme.org\/wp-includes\/js\/wp-embed.min.js\n<\/script>\n","thumbnail_url":"https:\/\/meidanmetsamme.org\/wp-content\/uploads\/2018\/11\/CZ9A9673-718x1024.jpg","thumbnail_width":718,"thumbnail_height":1024,"description":"Meid\u00e4n mets\u00e4mme -tapahtumassa tunnettiin surua mets\u00e4n voinnista useissa ohjelman puheenvuoroissa. Musiikin ja tanssin muodossa surua ilmaisivat Ikiruuhi duo, TMMT ryhm\u00e4, mets\u00e4kuoro sek\u00e4 Pirkko Fihlman \u00c4\u00e4nell\u00e4 itkij\u00e4t ry:st\u00e4. Panu Pihkala piti hienon puheen ymp\u00e4rist\u00f6ahdistuksesta ja toivosta Meid\u00e4n mets\u00e4mme -tapahtumassa. Pihkalan vuosi kruunautui 16.11.2018 Kansanvalistusseuran sivistyspalkinnolla, jota h\u00e4n kommentoi blogissaan. \u00c4\u00e4nell\u00e4 itkij\u00e4t ry j\u00e4rjest\u00e4\u00e4 s\u00e4\u00e4nn\u00f6llisesti tapahtumia surun&hellip; Jatka lukemista Ei otsikkoa"}

MEIDÄN METSÄMME ‑kansalaisliike

Ihmiset kokevat metsäsurua ja ympäristöahdistusta - MEIDÄN METSÄMME ‑kansalaisliike

<blockquote class="wp-embedded-content" data-secret="09C3xWJi6a"><a href="https://meidanmetsamme.org/index.php/2018/10/27/ihmiset-kokevat-metsasurua-ja-ymparistoahdistusta/">Ihmiset kokevat metsäsurua ja ympäristöahdistusta</a></blockquote><iframe sandbox="allow-scripts" security="restricted" src="https://meidanmetsamme.org/index.php/2018/10/27/ihmiset-kokevat-metsasurua-ja-ymparistoahdistusta/embed/#?secret=09C3xWJi6a" width="600" height="338" title="&#8221;Ihmiset kokevat metsäsurua ja ympäristöahdistusta&#8221; &#8212; MEIDÄN METSÄMME ‑kansalaisliike" data-secret="09C3xWJi6a" frameborder="0" marginwidth="0" marginheight="0" scrolling="no" class="wp-embedded-content"></iframe><script>
/*! This file is auto-generated */
!function(d,l){"use strict";l.querySelector&&d.addEventListener&&"undefined"!=typeof URL&&(d.wp=d.wp||{},d.wp.receiveEmbedMessage||(d.wp.receiveEmbedMessage=function(e){var t=e.data;if((t||t.secret||t.message||t.value)&&!/[^a-zA-Z0-9]/.test(t.secret)){for(var s,r,n,a=l.querySelectorAll('iframe[data-secret="'+t.secret+'"]'),o=l.querySelectorAll('blockquote[data-secret="'+t.secret+'"]'),c=new RegExp("^https?:$","i"),i=0;i<o.length;i++)o[i].style.display="none";for(i=0;i<a.length;i++)s=a[i],e.source===s.contentWindow&&(s.removeAttribute("style"),"height"===t.message?(1e3<(r=parseInt(t.value,10))?r=1e3:~~r<200&&(r=200),s.height=r):"link"===t.message&&(r=new URL(s.getAttribute("src")),n=new URL(t.value),c.test(n.protocol))&&n.host===r.host&&l.activeElement===s&&(d.top.location.href=t.value))}},d.addEventListener("message",d.wp.receiveEmbedMessage,!1),l.addEventListener("DOMContentLoaded",function(){for(var e,t,s=l.querySelectorAll("iframe.wp-embedded-content"),r=0;r<s.length;r++)(t=(e=s[r]).getAttribute("data-secret"))||(t=Math.random().toString(36).substring(2,12),e.src+="#?secret="+t,e.setAttribute("data-secret",t)),e.contentWindow.postMessage({message:"ready",secret:t},"*")},!1)))}(window,document);
//# sourceURL=https://meidanmetsamme.org/wp-includes/js/wp-embed.min.js
</script>

Meidän metsämme -tapahtumassa tunnettiin surua metsän voinnista useissa ohjelman puheenvuoroissa. Musiikin ja tanssin muodossa surua ilmaisivat Ikiruuhi duo, TMMT ryhmä, metsäkuoro sekä Pirkko Fihlman Äänellä itkijät ry:stä. Panu Pihkala piti hienon puheen ympäristöahdistuksesta ja toivosta Meidän metsämme -tapahtumassa. Pihkalan vuosi kruunautui 16.11.2018 Kansanvalistusseuran sivistyspalkinnolla, jota hän kommentoi blogissaan. Äänellä itkijät ry järjestää säännöllisesti tapahtumia surun&hellip; Jatka lukemista Ei otsikkoa
