{"id":1592,"date":"2021-03-04T11:18:34","date_gmt":"2021-03-04T09:18:34","guid":{"rendered":"https:\/\/uusimeidanmetsamme.jlehtinen.net\/?page_id=1592"},"modified":"2024-08-12T17:10:09","modified_gmt":"2024-08-12T14:10:09","slug":"lausunnot-ja-vetoomukset","status":"publish","type":"page","link":"https:\/\/meidanmetsamme.org\/index.php\/etusivu\/vaikuttamistyomme\/lausunnot-ja-vetoomukset\/","title":{"rendered":"Lausunnot ja vetoomukset"},"content":{"rendered":"\n<figure class=\"wp-block-image size-large\"><img loading=\"lazy\" decoding=\"async\" width=\"1024\" height=\"768\" src=\"https:\/\/meidanmetsamme.org\/wp-content\/uploads\/2021\/03\/Korvaamaton-2-1024x768.jpeg\" alt=\"\" class=\"wp-image-1644\" srcset=\"https:\/\/meidanmetsamme.org\/wp-content\/uploads\/2021\/03\/Korvaamaton-2-1024x768.jpeg 1024w, https:\/\/meidanmetsamme.org\/wp-content\/uploads\/2021\/03\/Korvaamaton-2-300x225.jpeg 300w, https:\/\/meidanmetsamme.org\/wp-content\/uploads\/2021\/03\/Korvaamaton-2-768x576.jpeg 768w, https:\/\/meidanmetsamme.org\/wp-content\/uploads\/2021\/03\/Korvaamaton-2-1536x1152.jpeg 1536w, https:\/\/meidanmetsamme.org\/wp-content\/uploads\/2021\/03\/Korvaamaton-2-1568x1176.jpeg 1568w, https:\/\/meidanmetsamme.org\/wp-content\/uploads\/2021\/03\/Korvaamaton-2.jpeg 1632w\" sizes=\"auto, (max-width: 1024px) 100vw, 1024px\" \/><figcaption>Meid\u00e4n mets\u00e4mme -kansalaisliike S\u00e4\u00e4tytalolla hallitusneuvotteluihin vaikuttamassa. Kuva: ty\u00f6ryhm\u00e4n arkisto<\/figcaption><\/figure>\n\n\n\n<p><strong>Meid\u00e4n mets\u00e4mme -ty\u00f6ryhm\u00e4 antoi lausunnon koskien vanhojen metsien kriteerej\u00e4 7.8.2024<\/strong><\/p>\n\n\n\n<p><a href=\"https:\/\/meidanmetsamme.org\/wp-content\/uploads\/2024\/08\/Vanhat-metsat-kriteerit.pdf\">Meid\u00e4n mets\u00e4mme -ty\u00f6ryhm\u00e4n lausunto vanhojen metsien kriteereist\u00e4 7.8.2024<\/a> &#8211; pdf-tiedosto<\/p>\n\n\n\n<h2 class=\"wp-block-heading\">Meid\u00e4n mets\u00e4mme -kansalaisliikkeen vaaliteemat<\/h2>\n\n\n\n<p><a href=\"https:\/\/meidanmetsamme.org\/wp-content\/uploads\/2023\/02\/vaaliteemat-versio-2.pdf\">Meid\u00e4n mets\u00e4mme \u2013kansalaisliikkeen vaaliteemat, 18.2.2023<\/a> &#8211; pdf-tiedosto<\/p>\n\n\n\n<h2 class=\"wp-block-heading\">Meid\u00e4n mets\u00e4mme -lausunnot<\/h2>\n\n\n\n<p><strong>Meid\u00e4n mets\u00e4mme -kansalaisliike antoi lausunnon luonnoksesta kansalliseksi mets\u00e4strategiaksi 14.11.2022<\/strong><\/p>\n\n\n\n<ul class=\"wp-block-list\"><li><a href=\"https:\/\/meidanmetsamme.org\/wp-content\/uploads\/2022\/11\/Lausunto_Kansallinen_metsastrategia_2022-1.pdf\">Meid\u00e4n mets\u00e4mme -kansalaisliikkeen lausunto luonnoksesta kansalliseksi mets\u00e4strategiaksi 14.11.2022<\/a> &#8211; pdf-tiedosto<\/li><\/ul>\n\n\n\n<p><strong>Meid\u00e4n mets\u00e4mme-kansalaisliikkeen  mets\u00e4viesti  luovutettiin maa- ja mets\u00e4talousministeri Antti Kurviselle <strong>8.9.2022<\/strong><\/strong> <strong>Helsingiss\u00e4.<\/strong><\/p>\n\n\n\n<ul class=\"wp-block-list\"><li><a href=\"https:\/\/meidanmetsamme.org\/wp-content\/uploads\/2022\/09\/Presentation-Kurvinen-0809-2022.doc\">Meid\u00e4n mets\u00e4mme \u2013 kansalaisliikkeen viesti Suomen valtion metsist\u00e4<\/a> 8.9.2022 &#8211; word-tiedosto<\/li><\/ul>\n\n\n\n<p><strong>Meid\u00e4n mets\u00e4mme &#8211; kansalaisliike<\/strong> <strong>on kommentoinut ilmasto- sek\u00e4 luonnonsuojelulakiluonnosta.<\/strong><\/p>\n\n\n\n<p>Ymp\u00e4rist\u00f6ministeri\u00f6n esitys uudeksi luonnonsuojelulaiksi on kannatettava. Lakiehdotus tuo paljon uutta ja t\u00e4rke\u00e4\u00e4 tieteelliseen tutkimustietoon perustuvaa ymm\u00e4rryst\u00e4 lains\u00e4\u00e4d\u00e4nt\u00f6\u00f6n. Ilmastolakia ollaan my\u00f6s uusimassa. Uusi lakiluonnos sis\u00e4lt\u00e4\u00e4 parannuksia nykyiseen lakiin verrattuna.<\/p>\n\n\n\n<ul class=\"wp-block-list\"><li><a href=\"https:\/\/meidanmetsamme.org\/wp-content\/uploads\/2021\/09\/Tiedote_22.doc\" target=\"_blank\" rel=\"noreferrer noopener\">Tiedote 11.9.2021<\/a><\/li><\/ul>\n\n\n\n<ul class=\"wp-block-list\"><li><a href=\"https:\/\/meidanmetsamme.org\/wp-content\/uploads\/2021\/09\/Meidan-metsamme-Ilmastolakilausunto-3.9.2021.pdf\" target=\"_blank\" rel=\"noreferrer noopener\">Meid\u00e4n mets\u00e4mme ilmastolakilausunto 3.9.2021<\/a> &#8211; pdf-tiedosto<\/li><li><a rel=\"noreferrer noopener\" href=\"https:\/\/meidanmetsamme.org\/wp-content\/uploads\/2021\/09\/Meidan-metsamme-luonnonsuojelulakilausunto-6.9.-2021.pdf\" target=\"_blank\">Meid\u00e4n mets\u00e4mme luonnonsuojelulakilausunto 6.9.2021<\/a> &#8211; pdf-tiedosto<\/li><\/ul>\n\n\n\n<h2 class=\"wp-block-heading\">Avohakkuiden kielt\u00e4minen<\/h2>\n\n\n\n<p><strong>Kansalaisaloitteessa laiksi avohakkuiden kielt\u00e4miseksi<\/strong> valtion eli Mets\u00e4hallituksen hallinnoimissa metsiss\u00e4 on kyse meid\u00e4n kaikkien kansalaisten yhteisesti omistamista metsist\u00e4. Vaihtoehdoksi avohakkuille aloitteessa esitet\u00e4\u00e4n metsien pit\u00e4mist\u00e4 jatkuvasti puustoisina eli jatkuvaa kasvatusta. Laki sallisi poikkeuksia esimerkiksi vakavissa tuhotapauksissa.<\/p>\n\n\n\n<p>Meid\u00e4n mets\u00e4mme laatima lausunto toimitettiin maa- ja mets\u00e4talousvaliokunnalle 11.1.2021. Valiokunta jatkaa lomansa j\u00e4lkeen helmikuussa asian valmistelua eduskunnalle.<\/p>\n\n\n\n<ul class=\"wp-block-list\"><li><a href=\"\/wp-content\/uploads\/2021\/02\/Lausunto_lakialoitteesta_avohakkuiden_lopettamisesta_valtion_mailla.pdf\" target=\"_blank\" rel=\"noreferrer noopener\">Meid\u00e4n mets\u00e4mme -kansalaisliikkeen lausunto kansalaisaloitteesta Lakialoite avohakkuiden lopettamiseksi valtion mailla<\/a>&nbsp;11.1.2021- pdf-tiedosto<\/li><\/ul>\n\n\n\n<p><\/p>\n\n\n\n<h2 class=\"wp-block-heading\">Seurakuntien mets\u00e4t -vetoomukset<\/h2>\n\n\n\n<p><strong>Vetoomukset 2022<\/strong><\/p>\n\n\n\n<ul class=\"wp-block-list\"><li><a href=\"https:\/\/meidanmetsamme.org\/wp-content\/uploads\/2022\/10\/Esitys-kirkolle-18.10.2022.pdf\">Kymmenys luonnolle -esitys kirkolle<\/a>, 18.10.2022 &#8211; pdf-tiedosto<\/li><\/ul>\n\n\n\n<p><strong>Vetoomukset 2021<\/strong><\/p>\n\n\n\n<ul class=\"wp-block-list\"><li><a href=\"https:\/\/meidanmetsamme.org\/wp-content\/uploads\/2021\/04\/LEHDISTOTIEDOTE-Meidan-metsamme-kirkossa.pdf\" target=\"_blank\" rel=\"noreferrer noopener\">Kirkon on suojeltava mets\u00e4ns\u00e4 &#8211; lehdist\u00f6tiedote<\/a>, 19.4.2021 &#8211; pdf-tiedosto<\/li><\/ul>\n\n\n\n<p><strong>Vetoomukset 2020<\/strong><\/p>\n\n\n\n<ul class=\"wp-block-list\"><li><a rel=\"noreferrer noopener\" href=\"\/wp-content\/uploads\/2021\/03\/Vetoomus-seurakunnille.docx.pdf\" target=\"_blank\">Vetoomus seurakunnille<\/a>, 9.11.2020, 9.12.2020 \u2013 pdf-tiedosto<\/li><li><a href=\"\/wp-content\/uploads\/2020\/11\/Tiedote201109.pdf\" target=\"_blank\" rel=\"noreferrer noopener\">Lehdist\u00f6tiedote<\/a>, 9.11.2020- pdf-tiedosto<\/li><\/ul>\n\n\n\n<p><a rel=\"noreferrer noopener\" href=\"https:\/\/www.adressit.com\/kirkon_metsien_monimuotoisuus_turvattava\" target=\"_blank\">Adressit.com \u2013 kirkon metsien monimuotoisuus turvattava<\/a> &#8211; nimienker\u00e4ys on p\u00e4\u00e4ttynyt<\/p>\n\n\n\n<h2 class=\"wp-block-heading\">Mets\u00e4neuvoston t\u00e4ydent\u00e4minen<\/h2>\n\n\n\n<p><strong>Suomen kansallisen, vuoteen 2025 ulottuvan mets\u00e4strategian toteuttamista valvovaa ja kehitt\u00e4v\u00e4\u00e4 mets\u00e4neuvostoa on t\u00e4ydennett\u00e4v\u00e4<\/strong>. Ministeri Jari Lep\u00e4n elokuussa 2019 asettamassa neuvostossa on 32 j\u00e4sent\u00e4. Heist\u00e4 ylivoimainen enemmist\u00f6 on mets\u00e4teollisuuden tai muita mets\u00e4n k\u00e4yt\u00f6n edustajia.<\/p>\n\n\n\n<ul class=\"wp-block-list\"><li><a href=\"\/wp-content\/uploads\/2020\/06\/TIEDOTE-9.6.2020-monimuotoisuutta-Suomen-mets%C3%A4neuvostoon.pdf\" target=\"_blank\" rel=\"noreferrer noopener\">Tiedote mets\u00e4neuvoston t\u00e4ydent\u00e4misest\u00e4<\/a>&nbsp;9.6.2020 \u2013 pdf-tiedosto<\/li><\/ul>\n\n\n\n<h2 class=\"wp-block-heading\">Viesti Suomen hallituksen ilmastokokoukselle<\/h2>\n\n\n\n<p><strong>Meid\u00e4n mets\u00e4mme -ty\u00f6ryhm\u00e4 oli mukana kiritt\u00e4m\u00e4ss\u00e4<\/strong> <strong>Suomen hallituksen ilmastokokousta<\/strong> Vuosaaren Hotelli Rantapuiston ulkopuolella.<\/p>\n\n\n\n<ul class=\"wp-block-list\"><li><a href=\"\/wp-content\/uploads\/2020\/03\/Suomen-hallituksen-Ilmastokokoukselle.pdf\" target=\"_blank\" rel=\"noreferrer noopener\">Meid\u00e4n mets\u00e4mme -ty\u00f6ryhm\u00e4n viesti Suomen hallituksen ilmastokokoukselle<\/a>&nbsp;3.2.2020 \u2013 pdf-tiedosto<\/li><li><a rel=\"noreferrer noopener\" href=\"https:\/\/yle.fi\/uutiset\/3-11189736\" target=\"_blank\">Uutisjuttu ja kuvia Yle<\/a>: Hallituksen ilmastokokouksen saldo<\/li><\/ul>\n\n\n\n<p><\/p>\n","protected":false},"excerpt":{"rendered":"<p>Meid\u00e4n mets\u00e4mme -ty\u00f6ryhm\u00e4 antoi lausunnon koskien vanhojen metsien kriteerej\u00e4 7.8.2024 Meid\u00e4n mets\u00e4mme -ty\u00f6ryhm\u00e4n lausunto vanhojen metsien kriteereist\u00e4 7.8.2024 &#8211; pdf-tiedosto Meid\u00e4n mets\u00e4mme -kansalaisliikkeen vaaliteemat Meid\u00e4n mets\u00e4mme \u2013kansalaisliikkeen vaaliteemat, 18.2.2023 &#8211; pdf-tiedosto Meid\u00e4n mets\u00e4mme -lausunnot Meid\u00e4n mets\u00e4mme -kansalaisliike antoi lausunnon luonnoksesta kansalliseksi mets\u00e4strategiaksi 14.11.2022 Meid\u00e4n mets\u00e4mme -kansalaisliikkeen lausunto luonnoksesta kansalliseksi mets\u00e4strategiaksi 14.11.2022 &#8211; pdf-tiedosto Meid\u00e4n mets\u00e4mme-kansalaisliikkeen&hellip; <a class=\"more-link\" href=\"https:\/\/meidanmetsamme.org\/index.php\/etusivu\/vaikuttamistyomme\/lausunnot-ja-vetoomukset\/\">Jatka lukemista <span class=\"screen-reader-text\">Lausunnot ja vetoomukset<\/span><\/a><\/p>\n","protected":false},"author":4,"featured_media":0,"parent":902,"menu_order":0,"comment_status":"closed","ping_status":"closed","template":"","meta":{"footnotes":""},"class_list":["post-1592","page","type-page","status-publish","hentry","entry"],"yoast_head":"<!-- This site is optimized with the Yoast SEO plugin v27.4 - https:\/\/yoast.com\/product\/yoast-seo-wordpress\/ -->\n<title>Lausunnot ja vetoomukset - MEID\u00c4N METS\u00c4MME \u2011kansalaisliike<\/title>\n<meta name=\"robots\" content=\"index, follow, max-snippet:-1, max-image-preview:large, max-video-preview:-1\" \/>\n<link rel=\"canonical\" href=\"https:\/\/meidanmetsamme.org\/index.php\/etusivu\/vaikuttamistyomme\/lausunnot-ja-vetoomukset\/\" \/>\n<meta property=\"og:locale\" content=\"fi_FI\" \/>\n<meta property=\"og:type\" content=\"article\" \/>\n<meta property=\"og:title\" content=\"Lausunnot ja vetoomukset - MEID\u00c4N METS\u00c4MME \u2011kansalaisliike\" \/>\n<meta property=\"og:description\" content=\"Meid\u00e4n mets\u00e4mme -ty\u00f6ryhm\u00e4 antoi lausunnon koskien vanhojen metsien kriteerej\u00e4 7.8.2024 Meid\u00e4n mets\u00e4mme -ty\u00f6ryhm\u00e4n lausunto vanhojen metsien kriteereist\u00e4 7.8.2024 &#8211; pdf-tiedosto Meid\u00e4n mets\u00e4mme -kansalaisliikkeen vaaliteemat Meid\u00e4n mets\u00e4mme \u2013kansalaisliikkeen vaaliteemat, 18.2.2023 &#8211; pdf-tiedosto Meid\u00e4n mets\u00e4mme -lausunnot Meid\u00e4n mets\u00e4mme -kansalaisliike antoi lausunnon luonnoksesta kansalliseksi mets\u00e4strategiaksi 14.11.2022 Meid\u00e4n mets\u00e4mme -kansalaisliikkeen lausunto luonnoksesta kansalliseksi mets\u00e4strategiaksi 14.11.2022 &#8211; pdf-tiedosto Meid\u00e4n mets\u00e4mme-kansalaisliikkeen&hellip; Jatka lukemista Lausunnot ja vetoomukset\" \/>\n<meta property=\"og:url\" content=\"https:\/\/meidanmetsamme.org\/index.php\/etusivu\/vaikuttamistyomme\/lausunnot-ja-vetoomukset\/\" \/>\n<meta property=\"og:site_name\" content=\"MEID\u00c4N METS\u00c4MME \u2011kansalaisliike\" \/>\n<meta property=\"article:modified_time\" content=\"2024-08-12T14:10:09+00:00\" \/>\n<meta property=\"og:image\" content=\"https:\/\/meidanmetsamme.org\/wp-content\/uploads\/2021\/03\/Korvaamaton-2.jpeg\" \/>\n\t<meta property=\"og:image:width\" content=\"1632\" \/>\n\t<meta property=\"og:image:height\" content=\"1224\" \/>\n\t<meta property=\"og:image:type\" content=\"image\/jpeg\" \/>\n<meta name=\"twitter:card\" content=\"summary_large_image\" \/>\n<meta name=\"twitter:label1\" content=\"Arvioitu lukuaika\" \/>\n\t<meta name=\"twitter:data1\" content=\"2 minuuttia\" \/>\n<script type=\"application\/ld+json\" class=\"yoast-schema-graph\">{\"@context\":\"https:\\\/\\\/schema.org\",\"@graph\":[{\"@type\":\"WebPage\",\"@id\":\"https:\\\/\\\/meidanmetsamme.org\\\/index.php\\\/etusivu\\\/vaikuttamistyomme\\\/lausunnot-ja-vetoomukset\\\/\",\"url\":\"https:\\\/\\\/meidanmetsamme.org\\\/index.php\\\/etusivu\\\/vaikuttamistyomme\\\/lausunnot-ja-vetoomukset\\\/\",\"name\":\"Lausunnot ja vetoomukset - MEID\u00c4N METS\u00c4MME \u2011kansalaisliike\",\"isPartOf\":{\"@id\":\"https:\\\/\\\/meidanmetsamme.org\\\/#website\"},\"primaryImageOfPage\":{\"@id\":\"https:\\\/\\\/meidanmetsamme.org\\\/index.php\\\/etusivu\\\/vaikuttamistyomme\\\/lausunnot-ja-vetoomukset\\\/#primaryimage\"},\"image\":{\"@id\":\"https:\\\/\\\/meidanmetsamme.org\\\/index.php\\\/etusivu\\\/vaikuttamistyomme\\\/lausunnot-ja-vetoomukset\\\/#primaryimage\"},\"thumbnailUrl\":\"https:\\\/\\\/meidanmetsamme.org\\\/wp-content\\\/uploads\\\/2021\\\/03\\\/Korvaamaton-2-1024x768.jpeg\",\"datePublished\":\"2021-03-04T09:18:34+00:00\",\"dateModified\":\"2024-08-12T14:10:09+00:00\",\"breadcrumb\":{\"@id\":\"https:\\\/\\\/meidanmetsamme.org\\\/index.php\\\/etusivu\\\/vaikuttamistyomme\\\/lausunnot-ja-vetoomukset\\\/#breadcrumb\"},\"inLanguage\":\"fi\",\"potentialAction\":[{\"@type\":\"ReadAction\",\"target\":[\"https:\\\/\\\/meidanmetsamme.org\\\/index.php\\\/etusivu\\\/vaikuttamistyomme\\\/lausunnot-ja-vetoomukset\\\/\"]}]},{\"@type\":\"ImageObject\",\"inLanguage\":\"fi\",\"@id\":\"https:\\\/\\\/meidanmetsamme.org\\\/index.php\\\/etusivu\\\/vaikuttamistyomme\\\/lausunnot-ja-vetoomukset\\\/#primaryimage\",\"url\":\"https:\\\/\\\/meidanmetsamme.org\\\/wp-content\\\/uploads\\\/2021\\\/03\\\/Korvaamaton-2.jpeg\",\"contentUrl\":\"https:\\\/\\\/meidanmetsamme.org\\\/wp-content\\\/uploads\\\/2021\\\/03\\\/Korvaamaton-2.jpeg\",\"width\":1632,\"height\":1224},{\"@type\":\"BreadcrumbList\",\"@id\":\"https:\\\/\\\/meidanmetsamme.org\\\/index.php\\\/etusivu\\\/vaikuttamistyomme\\\/lausunnot-ja-vetoomukset\\\/#breadcrumb\",\"itemListElement\":[{\"@type\":\"ListItem\",\"position\":1,\"name\":\"Home\",\"item\":\"https:\\\/\\\/meidanmetsamme.org\\\/\"},{\"@type\":\"ListItem\",\"position\":2,\"name\":\"Etusivu\",\"item\":\"https:\\\/\\\/meidanmetsamme.org\\\/\"},{\"@type\":\"ListItem\",\"position\":3,\"name\":\"Vaikuttamisty\u00f6mme\",\"item\":\"https:\\\/\\\/meidanmetsamme.org\\\/index.php\\\/etusivu\\\/vaikuttamistyomme\\\/\"},{\"@type\":\"ListItem\",\"position\":4,\"name\":\"Lausunnot ja vetoomukset\"}]},{\"@type\":\"WebSite\",\"@id\":\"https:\\\/\\\/meidanmetsamme.org\\\/#website\",\"url\":\"https:\\\/\\\/meidanmetsamme.org\\\/\",\"name\":\"MEID\u00c4N METS\u00c4MME \u2011kansalaisliike\",\"description\":\"Pidet\u00e4\u00e4n metsist\u00e4mme parempaa huolta\",\"publisher\":{\"@id\":\"https:\\\/\\\/meidanmetsamme.org\\\/#organization\"},\"potentialAction\":[{\"@type\":\"SearchAction\",\"target\":{\"@type\":\"EntryPoint\",\"urlTemplate\":\"https:\\\/\\\/meidanmetsamme.org\\\/?s={search_term_string}\"},\"query-input\":{\"@type\":\"PropertyValueSpecification\",\"valueRequired\":true,\"valueName\":\"search_term_string\"}}],\"inLanguage\":\"fi\"},{\"@type\":\"Organization\",\"@id\":\"https:\\\/\\\/meidanmetsamme.org\\\/#organization\",\"name\":\"MEID\u00c4N METS\u00c4MME \u2011kansalaisliike\",\"url\":\"https:\\\/\\\/meidanmetsamme.org\\\/\",\"logo\":{\"@type\":\"ImageObject\",\"inLanguage\":\"fi\",\"@id\":\"https:\\\/\\\/meidanmetsamme.org\\\/#\\\/schema\\\/logo\\\/image\\\/\",\"url\":\"https:\\\/\\\/meidanmetsamme.org\\\/wp-content\\\/uploads\\\/2019\\\/10\\\/cropped-meidanmetsamme-logo-ellipse-200px.png\",\"contentUrl\":\"https:\\\/\\\/meidanmetsamme.org\\\/wp-content\\\/uploads\\\/2019\\\/10\\\/cropped-meidanmetsamme-logo-ellipse-200px.png\",\"width\":200,\"height\":123,\"caption\":\"MEID\u00c4N METS\u00c4MME \u2011kansalaisliike\"},\"image\":{\"@id\":\"https:\\\/\\\/meidanmetsamme.org\\\/#\\\/schema\\\/logo\\\/image\\\/\"}}]}<\/script>\n<!-- \/ Yoast SEO plugin. -->","yoast_head_json":{"title":"Lausunnot ja vetoomukset - MEID\u00c4N METS\u00c4MME \u2011kansalaisliike","robots":{"index":"index","follow":"follow","max-snippet":"max-snippet:-1","max-image-preview":"max-image-preview:large","max-video-preview":"max-video-preview:-1"},"canonical":"https:\/\/meidanmetsamme.org\/index.php\/etusivu\/vaikuttamistyomme\/lausunnot-ja-vetoomukset\/","og_locale":"fi_FI","og_type":"article","og_title":"Lausunnot ja vetoomukset - MEID\u00c4N METS\u00c4MME \u2011kansalaisliike","og_description":"Meid\u00e4n mets\u00e4mme -ty\u00f6ryhm\u00e4 antoi lausunnon koskien vanhojen metsien kriteerej\u00e4 7.8.2024 Meid\u00e4n mets\u00e4mme -ty\u00f6ryhm\u00e4n lausunto vanhojen metsien kriteereist\u00e4 7.8.2024 &#8211; pdf-tiedosto Meid\u00e4n mets\u00e4mme -kansalaisliikkeen vaaliteemat Meid\u00e4n mets\u00e4mme \u2013kansalaisliikkeen vaaliteemat, 18.2.2023 &#8211; pdf-tiedosto Meid\u00e4n mets\u00e4mme -lausunnot Meid\u00e4n mets\u00e4mme -kansalaisliike antoi lausunnon luonnoksesta kansalliseksi mets\u00e4strategiaksi 14.11.2022 Meid\u00e4n mets\u00e4mme -kansalaisliikkeen lausunto luonnoksesta kansalliseksi mets\u00e4strategiaksi 14.11.2022 &#8211; pdf-tiedosto Meid\u00e4n mets\u00e4mme-kansalaisliikkeen&hellip; Jatka lukemista Lausunnot ja vetoomukset","og_url":"https:\/\/meidanmetsamme.org\/index.php\/etusivu\/vaikuttamistyomme\/lausunnot-ja-vetoomukset\/","og_site_name":"MEID\u00c4N METS\u00c4MME \u2011kansalaisliike","article_modified_time":"2024-08-12T14:10:09+00:00","og_image":[{"width":1632,"height":1224,"url":"https:\/\/meidanmetsamme.org\/wp-content\/uploads\/2021\/03\/Korvaamaton-2.jpeg","type":"image\/jpeg"}],"twitter_card":"summary_large_image","twitter_misc":{"Arvioitu lukuaika":"2 minuuttia"},"schema":{"@context":"https:\/\/schema.org","@graph":[{"@type":"WebPage","@id":"https:\/\/meidanmetsamme.org\/index.php\/etusivu\/vaikuttamistyomme\/lausunnot-ja-vetoomukset\/","url":"https:\/\/meidanmetsamme.org\/index.php\/etusivu\/vaikuttamistyomme\/lausunnot-ja-vetoomukset\/","name":"Lausunnot ja vetoomukset - MEID\u00c4N METS\u00c4MME \u2011kansalaisliike","isPartOf":{"@id":"https:\/\/meidanmetsamme.org\/#website"},"primaryImageOfPage":{"@id":"https:\/\/meidanmetsamme.org\/index.php\/etusivu\/vaikuttamistyomme\/lausunnot-ja-vetoomukset\/#primaryimage"},"image":{"@id":"https:\/\/meidanmetsamme.org\/index.php\/etusivu\/vaikuttamistyomme\/lausunnot-ja-vetoomukset\/#primaryimage"},"thumbnailUrl":"https:\/\/meidanmetsamme.org\/wp-content\/uploads\/2021\/03\/Korvaamaton-2-1024x768.jpeg","datePublished":"2021-03-04T09:18:34+00:00","dateModified":"2024-08-12T14:10:09+00:00","breadcrumb":{"@id":"https:\/\/meidanmetsamme.org\/index.php\/etusivu\/vaikuttamistyomme\/lausunnot-ja-vetoomukset\/#breadcrumb"},"inLanguage":"fi","potentialAction":[{"@type":"ReadAction","target":["https:\/\/meidanmetsamme.org\/index.php\/etusivu\/vaikuttamistyomme\/lausunnot-ja-vetoomukset\/"]}]},{"@type":"ImageObject","inLanguage":"fi","@id":"https:\/\/meidanmetsamme.org\/index.php\/etusivu\/vaikuttamistyomme\/lausunnot-ja-vetoomukset\/#primaryimage","url":"https:\/\/meidanmetsamme.org\/wp-content\/uploads\/2021\/03\/Korvaamaton-2.jpeg","contentUrl":"https:\/\/meidanmetsamme.org\/wp-content\/uploads\/2021\/03\/Korvaamaton-2.jpeg","width":1632,"height":1224},{"@type":"BreadcrumbList","@id":"https:\/\/meidanmetsamme.org\/index.php\/etusivu\/vaikuttamistyomme\/lausunnot-ja-vetoomukset\/#breadcrumb","itemListElement":[{"@type":"ListItem","position":1,"name":"Home","item":"https:\/\/meidanmetsamme.org\/"},{"@type":"ListItem","position":2,"name":"Etusivu","item":"https:\/\/meidanmetsamme.org\/"},{"@type":"ListItem","position":3,"name":"Vaikuttamisty\u00f6mme","item":"https:\/\/meidanmetsamme.org\/index.php\/etusivu\/vaikuttamistyomme\/"},{"@type":"ListItem","position":4,"name":"Lausunnot ja vetoomukset"}]},{"@type":"WebSite","@id":"https:\/\/meidanmetsamme.org\/#website","url":"https:\/\/meidanmetsamme.org\/","name":"MEID\u00c4N METS\u00c4MME \u2011kansalaisliike","description":"Pidet\u00e4\u00e4n metsist\u00e4mme parempaa huolta","publisher":{"@id":"https:\/\/meidanmetsamme.org\/#organization"},"potentialAction":[{"@type":"SearchAction","target":{"@type":"EntryPoint","urlTemplate":"https:\/\/meidanmetsamme.org\/?s={search_term_string}"},"query-input":{"@type":"PropertyValueSpecification","valueRequired":true,"valueName":"search_term_string"}}],"inLanguage":"fi"},{"@type":"Organization","@id":"https:\/\/meidanmetsamme.org\/#organization","name":"MEID\u00c4N METS\u00c4MME \u2011kansalaisliike","url":"https:\/\/meidanmetsamme.org\/","logo":{"@type":"ImageObject","inLanguage":"fi","@id":"https:\/\/meidanmetsamme.org\/#\/schema\/logo\/image\/","url":"https:\/\/meidanmetsamme.org\/wp-content\/uploads\/2019\/10\/cropped-meidanmetsamme-logo-ellipse-200px.png","contentUrl":"https:\/\/meidanmetsamme.org\/wp-content\/uploads\/2019\/10\/cropped-meidanmetsamme-logo-ellipse-200px.png","width":200,"height":123,"caption":"MEID\u00c4N METS\u00c4MME \u2011kansalaisliike"},"image":{"@id":"https:\/\/meidanmetsamme.org\/#\/schema\/logo\/image\/"}}]}},"_links":{"self":[{"href":"https:\/\/meidanmetsamme.org\/index.php\/wp-json\/wp\/v2\/pages\/1592","targetHints":{"allow":["GET"]}}],"collection":[{"href":"https:\/\/meidanmetsamme.org\/index.php\/wp-json\/wp\/v2\/pages"}],"about":[{"href":"https:\/\/meidanmetsamme.org\/index.php\/wp-json\/wp\/v2\/types\/page"}],"author":[{"embeddable":true,"href":"https:\/\/meidanmetsamme.org\/index.php\/wp-json\/wp\/v2\/users\/4"}],"replies":[{"embeddable":true,"href":"https:\/\/meidanmetsamme.org\/index.php\/wp-json\/wp\/v2\/comments?post=1592"}],"version-history":[{"count":29,"href":"https:\/\/meidanmetsamme.org\/index.php\/wp-json\/wp\/v2\/pages\/1592\/revisions"}],"predecessor-version":[{"id":2608,"href":"https:\/\/meidanmetsamme.org\/index.php\/wp-json\/wp\/v2\/pages\/1592\/revisions\/2608"}],"up":[{"embeddable":true,"href":"https:\/\/meidanmetsamme.org\/index.php\/wp-json\/wp\/v2\/pages\/902"}],"wp:attachment":[{"href":"https:\/\/meidanmetsamme.org\/index.php\/wp-json\/wp\/v2\/media?parent=1592"}],"curies":[{"name":"wp","href":"https:\/\/api.w.org\/{rel}","templated":true}]}}