{"id":908,"date":"2021-02-04T13:02:42","date_gmt":"2021-02-04T11:02:42","guid":{"rendered":"https:\/\/uusimeidanmetsamme.jlehtinen.net\/?page_id=908"},"modified":"2022-10-27T19:36:09","modified_gmt":"2022-10-27T16:36:09","slug":"seurakuntien-metsat","status":"publish","type":"page","link":"https:\/\/meidanmetsamme.org\/index.php\/etusivu\/vaikuttamistyomme\/seurakuntien-metsat\/","title":{"rendered":"Seurakuntien mets\u00e4t"},"content":{"rendered":"\n<figure class=\"wp-block-image size-large is-resized\"><img loading=\"lazy\" decoding=\"async\" src=\"https:\/\/meidanmetsamme.org\/wp-content\/uploads\/2021\/03\/Komea-kolmikko-2-1024x944.jpeg\" alt=\"\" class=\"wp-image-1641\" width=\"855\" height=\"752\"\/><figcaption>Paula L\u00f6nnemo, Pertti Salolainen ja Panu Kunttu matkalla luovuttamaan vetoomusta arkkipiispa Tapio Luomalle marraskuussa 2020 .  Kuva: Eeva-Stiina L\u00f6nnemo<\/figcaption><\/figure>\n\n\n\n<p>Meid\u00e4n mets\u00e4mme -kansalaisliike on l\u00e4hett\u00e4nyt kirkolle vetoomuksen kirkon metsien monimuotoisuuden turvaamisesta. <\/p>\n\n\n\n<p>Mets\u00e4kirkot ovat suosittuja hiljentymispaikkoja ja saarnoissa julistetaan luomakunnan pyhyytt\u00e4. Samaan aikaan seurakunnat edelleen hakkauttavat vanhoja metsi\u00e4\u00e4n, vaikka t\u00e4m\u00e4 on suurimpia mets\u00e4lajien uhanalaistumisen syit\u00e4. Kirkon toiminta pit\u00e4\u00e4 sopeuttaa sellaiseksi, ett\u00e4 se voidaan rahoittaa eettisesti kest\u00e4v\u00e4sti ja luonnonresursseja kohtuuttomasti vahingoittamatta.<\/p>\n\n\n\n<p>Ovatko seurakuntien ja seurakuntayhtymien p\u00e4\u00e4tt\u00e4j\u00e4t, piispat ja muut toimihenkil\u00f6t tietoisia mets\u00e4luonnon monimuotoisuuden k\u00f6yhtymisest\u00e4 ja tavoista suojella ja varjella vastuulleen saamaa mets\u00e4omaisuutta?<\/p>\n\n\n\n<h2 class=\"wp-block-heading\">Seurakuntien mets\u00e4t -vetoomukset<\/h2>\n\n\n\n<p><strong>Vetoomukset 2022<\/strong><\/p>\n\n\n\n<ul class=\"wp-block-list\"><li><a href=\"https:\/\/meidanmetsamme.org\/wp-content\/uploads\/2022\/10\/Esitys-kirkolle-18.10.2022.pdf\">Kymmenys luonnolle -esitys kirkolle<\/a>, 18.10.2022 &#8211; pdf-tiedosto<\/li><\/ul>\n\n\n\n<p><strong>Vetoomukset 2021<\/strong><\/p>\n\n\n\n<ul class=\"wp-block-list\"><li><a href=\"https:\/\/meidanmetsamme.org\/wp-content\/uploads\/2021\/04\/LEHDISTOTIEDOTE-Meidan-metsamme-kirkossa.pdf\" target=\"_blank\" rel=\"noreferrer noopener\">Kirkon on suojeltava mets\u00e4ns\u00e4 &#8211; lehdist\u00f6tiedote<\/a>, 19.4.2021 &#8211; pdf-tiedosto<\/li><\/ul>\n\n\n\n<p><strong>Vetoomukset 2020<\/strong><\/p>\n\n\n\n<ul class=\"wp-block-list\"><li><a rel=\"noreferrer noopener\" href=\"\/wp-content\/uploads\/2021\/03\/Vetoomus-seurakunnille.docx.pdf\" target=\"_blank\">Vetoomus seurakunnille<\/a>, 9.11.2020, 9.12.2020 \u2013 pdf-tiedosto<\/li><li><a href=\"\/wp-content\/uploads\/2020\/11\/Tiedote201109.pdf\" target=\"_blank\" rel=\"noreferrer noopener\">Lehdist\u00f6tiedote<\/a>, 9.11.2020- pdf-tiedosto<\/li><\/ul>\n\n\n\n<p><a rel=\"noreferrer noopener\" href=\"https:\/\/www.adressit.com\/kirkon_metsien_monimuotoisuus_turvattava\" target=\"_blank\">Adressit.com \u2013 kirkon metsien monimuotoisuus turvattava<\/a> &#8211; nimienker\u00e4ys on p\u00e4\u00e4ttynyt<\/p>\n\n\n\n<p><a rel=\"noreferrer noopener\" href=\"https:\/\/wwf.fi\/uutiset\/2020\/10\/miten-sinun-kuntasi-metsaa-hoidetaan-haastoimme-kunnat-ja-seurakunnat-vastuulliseen-metsanhoitoon\/\" target=\"_blank\">WWF:n kirje seurakunnille:<\/a> Miten sinun kuntasi mets\u00e4\u00e4 hoidetaan? Haastoimme kunnat ja seurakunnat vastuulliseen mets\u00e4nhoitoon.<\/p>\n\n\n\n<p><a rel=\"noreferrer noopener\" href=\"http:\/\/www.kimitoonsnatur.fi\/fi\/2021\/02\/kirkon-on-varjeltava-metsiemme-elonkirjoa\/\" target=\"_blank\">Kemi\u00f6nsaaren luont<\/a><a href=\"http:\/\/www.kimitoonsnatur.fi\/fi\/2021\/02\/kirkon-on-varjeltava-metsiemme-elonkirjoa\/\" target=\"_blank\" rel=\"noreferrer noopener\">o:<\/a> Kirkon on varjeltava metsiemme elonkirjoa<\/p>\n\n\n\n<p><\/p>\n\n\n\n<p><a href=\"https:\/\/meidanmetsamme.org\/index.php\/etusivu\/pa-svenska\/\"><strong>Katso seurakunnille osoitetut vetoomukset ruotsiksi.<\/strong><\/a><\/p>\n","protected":false},"excerpt":{"rendered":"<p>Meid\u00e4n mets\u00e4mme -kansalaisliike on l\u00e4hett\u00e4nyt kirkolle vetoomuksen kirkon metsien monimuotoisuuden turvaamisesta. Mets\u00e4kirkot ovat suosittuja hiljentymispaikkoja ja saarnoissa julistetaan luomakunnan pyhyytt\u00e4. Samaan aikaan seurakunnat edelleen hakkauttavat vanhoja metsi\u00e4\u00e4n, vaikka t\u00e4m\u00e4 on suurimpia mets\u00e4lajien uhanalaistumisen syit\u00e4. Kirkon toiminta pit\u00e4\u00e4 sopeuttaa sellaiseksi, ett\u00e4 se voidaan rahoittaa eettisesti kest\u00e4v\u00e4sti ja luonnonresursseja kohtuuttomasti vahingoittamatta. Ovatko seurakuntien ja seurakuntayhtymien p\u00e4\u00e4tt\u00e4j\u00e4t, piispat&hellip; <a class=\"more-link\" href=\"https:\/\/meidanmetsamme.org\/index.php\/etusivu\/vaikuttamistyomme\/seurakuntien-metsat\/\">Jatka lukemista <span class=\"screen-reader-text\">Seurakuntien mets\u00e4t<\/span><\/a><\/p>\n","protected":false},"author":4,"featured_media":0,"parent":902,"menu_order":0,"comment_status":"closed","ping_status":"closed","template":"","meta":{"footnotes":""},"class_list":["post-908","page","type-page","status-publish","hentry","entry"],"yoast_head":"<!-- This site is optimized with the Yoast SEO plugin v27.3 - https:\/\/yoast.com\/product\/yoast-seo-wordpress\/ -->\n<title>Seurakuntien mets\u00e4t - MEID\u00c4N METS\u00c4MME \u2011kansalaisliike<\/title>\n<meta name=\"robots\" content=\"index, follow, max-snippet:-1, max-image-preview:large, max-video-preview:-1\" \/>\n<link rel=\"canonical\" href=\"https:\/\/meidanmetsamme.org\/index.php\/etusivu\/vaikuttamistyomme\/seurakuntien-metsat\/\" \/>\n<meta property=\"og:locale\" content=\"fi_FI\" \/>\n<meta property=\"og:type\" content=\"article\" \/>\n<meta property=\"og:title\" content=\"Seurakuntien mets\u00e4t - MEID\u00c4N METS\u00c4MME \u2011kansalaisliike\" \/>\n<meta property=\"og:description\" content=\"Meid\u00e4n mets\u00e4mme -kansalaisliike on l\u00e4hett\u00e4nyt kirkolle vetoomuksen kirkon metsien monimuotoisuuden turvaamisesta. Mets\u00e4kirkot ovat suosittuja hiljentymispaikkoja ja saarnoissa julistetaan luomakunnan pyhyytt\u00e4. Samaan aikaan seurakunnat edelleen hakkauttavat vanhoja metsi\u00e4\u00e4n, vaikka t\u00e4m\u00e4 on suurimpia mets\u00e4lajien uhanalaistumisen syit\u00e4. Kirkon toiminta pit\u00e4\u00e4 sopeuttaa sellaiseksi, ett\u00e4 se voidaan rahoittaa eettisesti kest\u00e4v\u00e4sti ja luonnonresursseja kohtuuttomasti vahingoittamatta. Ovatko seurakuntien ja seurakuntayhtymien p\u00e4\u00e4tt\u00e4j\u00e4t, piispat&hellip; Jatka lukemista Seurakuntien mets\u00e4t\" \/>\n<meta property=\"og:url\" content=\"https:\/\/meidanmetsamme.org\/index.php\/etusivu\/vaikuttamistyomme\/seurakuntien-metsat\/\" \/>\n<meta property=\"og:site_name\" content=\"MEID\u00c4N METS\u00c4MME \u2011kansalaisliike\" \/>\n<meta property=\"article:modified_time\" content=\"2022-10-27T16:36:09+00:00\" \/>\n<meta property=\"og:image\" content=\"https:\/\/meidanmetsamme.org\/wp-content\/uploads\/2021\/03\/Komea-kolmikko-2.jpeg\" \/>\n\t<meta property=\"og:image:width\" content=\"1413\" \/>\n\t<meta property=\"og:image:height\" content=\"1302\" \/>\n\t<meta property=\"og:image:type\" content=\"image\/jpeg\" \/>\n<meta name=\"twitter:card\" content=\"summary_large_image\" \/>\n<meta name=\"twitter:label1\" content=\"Arvioitu lukuaika\" \/>\n\t<meta name=\"twitter:data1\" content=\"1 minuutti\" \/>\n<script type=\"application\/ld+json\" class=\"yoast-schema-graph\">{\"@context\":\"https:\\\/\\\/schema.org\",\"@graph\":[{\"@type\":\"WebPage\",\"@id\":\"https:\\\/\\\/meidanmetsamme.org\\\/index.php\\\/etusivu\\\/vaikuttamistyomme\\\/seurakuntien-metsat\\\/\",\"url\":\"https:\\\/\\\/meidanmetsamme.org\\\/index.php\\\/etusivu\\\/vaikuttamistyomme\\\/seurakuntien-metsat\\\/\",\"name\":\"Seurakuntien mets\u00e4t - MEID\u00c4N METS\u00c4MME \u2011kansalaisliike\",\"isPartOf\":{\"@id\":\"https:\\\/\\\/meidanmetsamme.org\\\/#website\"},\"primaryImageOfPage\":{\"@id\":\"https:\\\/\\\/meidanmetsamme.org\\\/index.php\\\/etusivu\\\/vaikuttamistyomme\\\/seurakuntien-metsat\\\/#primaryimage\"},\"image\":{\"@id\":\"https:\\\/\\\/meidanmetsamme.org\\\/index.php\\\/etusivu\\\/vaikuttamistyomme\\\/seurakuntien-metsat\\\/#primaryimage\"},\"thumbnailUrl\":\"https:\\\/\\\/meidanmetsamme.org\\\/wp-content\\\/uploads\\\/2021\\\/03\\\/Komea-kolmikko-2-1024x944.jpeg\",\"datePublished\":\"2021-02-04T11:02:42+00:00\",\"dateModified\":\"2022-10-27T16:36:09+00:00\",\"breadcrumb\":{\"@id\":\"https:\\\/\\\/meidanmetsamme.org\\\/index.php\\\/etusivu\\\/vaikuttamistyomme\\\/seurakuntien-metsat\\\/#breadcrumb\"},\"inLanguage\":\"fi\",\"potentialAction\":[{\"@type\":\"ReadAction\",\"target\":[\"https:\\\/\\\/meidanmetsamme.org\\\/index.php\\\/etusivu\\\/vaikuttamistyomme\\\/seurakuntien-metsat\\\/\"]}]},{\"@type\":\"ImageObject\",\"inLanguage\":\"fi\",\"@id\":\"https:\\\/\\\/meidanmetsamme.org\\\/index.php\\\/etusivu\\\/vaikuttamistyomme\\\/seurakuntien-metsat\\\/#primaryimage\",\"url\":\"https:\\\/\\\/meidanmetsamme.org\\\/wp-content\\\/uploads\\\/2021\\\/03\\\/Komea-kolmikko-2.jpeg\",\"contentUrl\":\"https:\\\/\\\/meidanmetsamme.org\\\/wp-content\\\/uploads\\\/2021\\\/03\\\/Komea-kolmikko-2.jpeg\",\"width\":1413,\"height\":1302},{\"@type\":\"BreadcrumbList\",\"@id\":\"https:\\\/\\\/meidanmetsamme.org\\\/index.php\\\/etusivu\\\/vaikuttamistyomme\\\/seurakuntien-metsat\\\/#breadcrumb\",\"itemListElement\":[{\"@type\":\"ListItem\",\"position\":1,\"name\":\"Home\",\"item\":\"https:\\\/\\\/meidanmetsamme.org\\\/\"},{\"@type\":\"ListItem\",\"position\":2,\"name\":\"Etusivu\",\"item\":\"https:\\\/\\\/meidanmetsamme.org\\\/\"},{\"@type\":\"ListItem\",\"position\":3,\"name\":\"Vaikuttamisty\u00f6mme\",\"item\":\"https:\\\/\\\/meidanmetsamme.org\\\/index.php\\\/etusivu\\\/vaikuttamistyomme\\\/\"},{\"@type\":\"ListItem\",\"position\":4,\"name\":\"Seurakuntien mets\u00e4t\"}]},{\"@type\":\"WebSite\",\"@id\":\"https:\\\/\\\/meidanmetsamme.org\\\/#website\",\"url\":\"https:\\\/\\\/meidanmetsamme.org\\\/\",\"name\":\"MEID\u00c4N METS\u00c4MME \u2011kansalaisliike\",\"description\":\"Pidet\u00e4\u00e4n metsist\u00e4mme parempaa huolta\",\"publisher\":{\"@id\":\"https:\\\/\\\/meidanmetsamme.org\\\/#organization\"},\"potentialAction\":[{\"@type\":\"SearchAction\",\"target\":{\"@type\":\"EntryPoint\",\"urlTemplate\":\"https:\\\/\\\/meidanmetsamme.org\\\/?s={search_term_string}\"},\"query-input\":{\"@type\":\"PropertyValueSpecification\",\"valueRequired\":true,\"valueName\":\"search_term_string\"}}],\"inLanguage\":\"fi\"},{\"@type\":\"Organization\",\"@id\":\"https:\\\/\\\/meidanmetsamme.org\\\/#organization\",\"name\":\"MEID\u00c4N METS\u00c4MME \u2011kansalaisliike\",\"url\":\"https:\\\/\\\/meidanmetsamme.org\\\/\",\"logo\":{\"@type\":\"ImageObject\",\"inLanguage\":\"fi\",\"@id\":\"https:\\\/\\\/meidanmetsamme.org\\\/#\\\/schema\\\/logo\\\/image\\\/\",\"url\":\"https:\\\/\\\/meidanmetsamme.org\\\/wp-content\\\/uploads\\\/2019\\\/10\\\/cropped-meidanmetsamme-logo-ellipse-200px.png\",\"contentUrl\":\"https:\\\/\\\/meidanmetsamme.org\\\/wp-content\\\/uploads\\\/2019\\\/10\\\/cropped-meidanmetsamme-logo-ellipse-200px.png\",\"width\":200,\"height\":123,\"caption\":\"MEID\u00c4N METS\u00c4MME \u2011kansalaisliike\"},\"image\":{\"@id\":\"https:\\\/\\\/meidanmetsamme.org\\\/#\\\/schema\\\/logo\\\/image\\\/\"}}]}<\/script>\n<!-- \/ Yoast SEO plugin. -->","yoast_head_json":{"title":"Seurakuntien mets\u00e4t - MEID\u00c4N METS\u00c4MME \u2011kansalaisliike","robots":{"index":"index","follow":"follow","max-snippet":"max-snippet:-1","max-image-preview":"max-image-preview:large","max-video-preview":"max-video-preview:-1"},"canonical":"https:\/\/meidanmetsamme.org\/index.php\/etusivu\/vaikuttamistyomme\/seurakuntien-metsat\/","og_locale":"fi_FI","og_type":"article","og_title":"Seurakuntien mets\u00e4t - MEID\u00c4N METS\u00c4MME \u2011kansalaisliike","og_description":"Meid\u00e4n mets\u00e4mme -kansalaisliike on l\u00e4hett\u00e4nyt kirkolle vetoomuksen kirkon metsien monimuotoisuuden turvaamisesta. Mets\u00e4kirkot ovat suosittuja hiljentymispaikkoja ja saarnoissa julistetaan luomakunnan pyhyytt\u00e4. Samaan aikaan seurakunnat edelleen hakkauttavat vanhoja metsi\u00e4\u00e4n, vaikka t\u00e4m\u00e4 on suurimpia mets\u00e4lajien uhanalaistumisen syit\u00e4. Kirkon toiminta pit\u00e4\u00e4 sopeuttaa sellaiseksi, ett\u00e4 se voidaan rahoittaa eettisesti kest\u00e4v\u00e4sti ja luonnonresursseja kohtuuttomasti vahingoittamatta. Ovatko seurakuntien ja seurakuntayhtymien p\u00e4\u00e4tt\u00e4j\u00e4t, piispat&hellip; Jatka lukemista Seurakuntien mets\u00e4t","og_url":"https:\/\/meidanmetsamme.org\/index.php\/etusivu\/vaikuttamistyomme\/seurakuntien-metsat\/","og_site_name":"MEID\u00c4N METS\u00c4MME \u2011kansalaisliike","article_modified_time":"2022-10-27T16:36:09+00:00","og_image":[{"width":1413,"height":1302,"url":"https:\/\/meidanmetsamme.org\/wp-content\/uploads\/2021\/03\/Komea-kolmikko-2.jpeg","type":"image\/jpeg"}],"twitter_card":"summary_large_image","twitter_misc":{"Arvioitu lukuaika":"1 minuutti"},"schema":{"@context":"https:\/\/schema.org","@graph":[{"@type":"WebPage","@id":"https:\/\/meidanmetsamme.org\/index.php\/etusivu\/vaikuttamistyomme\/seurakuntien-metsat\/","url":"https:\/\/meidanmetsamme.org\/index.php\/etusivu\/vaikuttamistyomme\/seurakuntien-metsat\/","name":"Seurakuntien mets\u00e4t - MEID\u00c4N METS\u00c4MME \u2011kansalaisliike","isPartOf":{"@id":"https:\/\/meidanmetsamme.org\/#website"},"primaryImageOfPage":{"@id":"https:\/\/meidanmetsamme.org\/index.php\/etusivu\/vaikuttamistyomme\/seurakuntien-metsat\/#primaryimage"},"image":{"@id":"https:\/\/meidanmetsamme.org\/index.php\/etusivu\/vaikuttamistyomme\/seurakuntien-metsat\/#primaryimage"},"thumbnailUrl":"https:\/\/meidanmetsamme.org\/wp-content\/uploads\/2021\/03\/Komea-kolmikko-2-1024x944.jpeg","datePublished":"2021-02-04T11:02:42+00:00","dateModified":"2022-10-27T16:36:09+00:00","breadcrumb":{"@id":"https:\/\/meidanmetsamme.org\/index.php\/etusivu\/vaikuttamistyomme\/seurakuntien-metsat\/#breadcrumb"},"inLanguage":"fi","potentialAction":[{"@type":"ReadAction","target":["https:\/\/meidanmetsamme.org\/index.php\/etusivu\/vaikuttamistyomme\/seurakuntien-metsat\/"]}]},{"@type":"ImageObject","inLanguage":"fi","@id":"https:\/\/meidanmetsamme.org\/index.php\/etusivu\/vaikuttamistyomme\/seurakuntien-metsat\/#primaryimage","url":"https:\/\/meidanmetsamme.org\/wp-content\/uploads\/2021\/03\/Komea-kolmikko-2.jpeg","contentUrl":"https:\/\/meidanmetsamme.org\/wp-content\/uploads\/2021\/03\/Komea-kolmikko-2.jpeg","width":1413,"height":1302},{"@type":"BreadcrumbList","@id":"https:\/\/meidanmetsamme.org\/index.php\/etusivu\/vaikuttamistyomme\/seurakuntien-metsat\/#breadcrumb","itemListElement":[{"@type":"ListItem","position":1,"name":"Home","item":"https:\/\/meidanmetsamme.org\/"},{"@type":"ListItem","position":2,"name":"Etusivu","item":"https:\/\/meidanmetsamme.org\/"},{"@type":"ListItem","position":3,"name":"Vaikuttamisty\u00f6mme","item":"https:\/\/meidanmetsamme.org\/index.php\/etusivu\/vaikuttamistyomme\/"},{"@type":"ListItem","position":4,"name":"Seurakuntien mets\u00e4t"}]},{"@type":"WebSite","@id":"https:\/\/meidanmetsamme.org\/#website","url":"https:\/\/meidanmetsamme.org\/","name":"MEID\u00c4N METS\u00c4MME \u2011kansalaisliike","description":"Pidet\u00e4\u00e4n metsist\u00e4mme parempaa huolta","publisher":{"@id":"https:\/\/meidanmetsamme.org\/#organization"},"potentialAction":[{"@type":"SearchAction","target":{"@type":"EntryPoint","urlTemplate":"https:\/\/meidanmetsamme.org\/?s={search_term_string}"},"query-input":{"@type":"PropertyValueSpecification","valueRequired":true,"valueName":"search_term_string"}}],"inLanguage":"fi"},{"@type":"Organization","@id":"https:\/\/meidanmetsamme.org\/#organization","name":"MEID\u00c4N METS\u00c4MME \u2011kansalaisliike","url":"https:\/\/meidanmetsamme.org\/","logo":{"@type":"ImageObject","inLanguage":"fi","@id":"https:\/\/meidanmetsamme.org\/#\/schema\/logo\/image\/","url":"https:\/\/meidanmetsamme.org\/wp-content\/uploads\/2019\/10\/cropped-meidanmetsamme-logo-ellipse-200px.png","contentUrl":"https:\/\/meidanmetsamme.org\/wp-content\/uploads\/2019\/10\/cropped-meidanmetsamme-logo-ellipse-200px.png","width":200,"height":123,"caption":"MEID\u00c4N METS\u00c4MME \u2011kansalaisliike"},"image":{"@id":"https:\/\/meidanmetsamme.org\/#\/schema\/logo\/image\/"}}]}},"_links":{"self":[{"href":"https:\/\/meidanmetsamme.org\/index.php\/wp-json\/wp\/v2\/pages\/908","targetHints":{"allow":["GET"]}}],"collection":[{"href":"https:\/\/meidanmetsamme.org\/index.php\/wp-json\/wp\/v2\/pages"}],"about":[{"href":"https:\/\/meidanmetsamme.org\/index.php\/wp-json\/wp\/v2\/types\/page"}],"author":[{"embeddable":true,"href":"https:\/\/meidanmetsamme.org\/index.php\/wp-json\/wp\/v2\/users\/4"}],"replies":[{"embeddable":true,"href":"https:\/\/meidanmetsamme.org\/index.php\/wp-json\/wp\/v2\/comments?post=908"}],"version-history":[{"count":27,"href":"https:\/\/meidanmetsamme.org\/index.php\/wp-json\/wp\/v2\/pages\/908\/revisions"}],"predecessor-version":[{"id":2000,"href":"https:\/\/meidanmetsamme.org\/index.php\/wp-json\/wp\/v2\/pages\/908\/revisions\/2000"}],"up":[{"embeddable":true,"href":"https:\/\/meidanmetsamme.org\/index.php\/wp-json\/wp\/v2\/pages\/902"}],"wp:attachment":[{"href":"https:\/\/meidanmetsamme.org\/index.php\/wp-json\/wp\/v2\/media?parent=908"}],"curies":[{"name":"wp","href":"https:\/\/api.w.org\/{rel}","templated":true}]}}