{"id":925,"date":"2021-02-04T13:45:05","date_gmt":"2021-02-04T11:45:05","guid":{"rendered":"https:\/\/uusimeidanmetsamme.jlehtinen.net\/?page_id=925"},"modified":"2021-03-28T13:21:53","modified_gmt":"2021-03-28T10:21:53","slug":"in-english","status":"publish","type":"page","link":"https:\/\/meidanmetsamme.org\/index.php\/etusivu\/in-english\/","title":{"rendered":"In English"},"content":{"rendered":"\n<figure class=\"wp-block-image size-large\"><img loading=\"lazy\" decoding=\"async\" width=\"1024\" height=\"768\" src=\"https:\/\/meidanmetsamme.org\/wp-content\/uploads\/2021\/03\/lapsi-ja-aiti-1024x768.jpeg\" alt=\"\" class=\"wp-image-1829\" srcset=\"https:\/\/meidanmetsamme.org\/wp-content\/uploads\/2021\/03\/lapsi-ja-aiti-1024x768.jpeg 1024w, https:\/\/meidanmetsamme.org\/wp-content\/uploads\/2021\/03\/lapsi-ja-aiti-300x225.jpeg 300w, https:\/\/meidanmetsamme.org\/wp-content\/uploads\/2021\/03\/lapsi-ja-aiti-768x576.jpeg 768w, https:\/\/meidanmetsamme.org\/wp-content\/uploads\/2021\/03\/lapsi-ja-aiti-1536x1152.jpeg 1536w, https:\/\/meidanmetsamme.org\/wp-content\/uploads\/2021\/03\/lapsi-ja-aiti-1568x1176.jpeg 1568w, https:\/\/meidanmetsamme.org\/wp-content\/uploads\/2021\/03\/lapsi-ja-aiti.jpeg 1632w\" sizes=\"auto, (max-width: 1024px) 100vw, 1024px\" \/><figcaption>Kuva: Paula L\u00f6nnemo<\/figcaption><\/figure>\n\n\n\n<p>Biological diversity in forests is necessary for life and sustainable wellbeing. Citizen\u2019s OUR FORESTS -comment demands that forests are protected and forestry is developed to become more ecological. <\/p>\n\n\n\n<p>During the next 20 years all 160-year-old forests, that also maintain biodiversity, are vanishing in Finland. In 15 years, some forest inhabitants, such as willow tits and crested tits, have decreased by half. In addition to impoverishing the environment, logging destroys directly animals\u2019 and birds\u2019 nests, despite the fact that disturbing nests is prohibited by the environmental protection laws. Extensive clear-cuts cause traumas for people since the memory-filled and familiar forests are gone for the next generation.<\/p>\n\n\n\n<p>Currently, the quota for logging is being increased. If they are actualised, researchers see it as a problem for the carbon sinks and climate politics of Finland. In other words, short term economic goals threaten the ability of forests to maintain life. At the same time, according to surveys, the majority of Finns would like to maintain forests in their natural state.<\/p>\n\n\n\n<h2 class=\"wp-block-heading\">Citizen\u2019s OUR FORESTS -comment<\/h2>\n\n\n\n<p>Approximately 400 people gathered in the Helsinki Cathedral Crypt 27.10.2018 to take a stand for OUR FORESTS. <\/p>\n\n\n\n<ul class=\"wp-block-list\"><li><a href=\"https:\/\/meidanmetsamme.org\/index.php\/2018\/12\/21\/kannanoton-videotallenne\/\">Watch video recording of the event<\/a> on October 27, 2018.<\/li><\/ul>\n\n\n\n<p>In the program that consisted of personal stories, artistic elements, and scientific statements both joy and grief for forests was shared. Scientists, forest owners, entrepreneurs and politicians developed ideas for more ecological forestry. <\/p>\n\n\n\n<p>The written comment was handed over to the delegate of the minister of environment and the minister of agriculture and forestry. The commentary is linked with <\/p>\n\n\n\n<ul class=\"wp-block-list\"><li>WWF Finland\u2019s forest vision<\/li><li>The Finnish Association for Nature Conservation\u2019s forest goals for 2018-2030<\/li><li>a forestry statement signed by 68 researchers on the 24th March 2017 and <\/li><li>a citizen\u2019s initiative to pass a law to prohibit clear-cuts in state-owned forests.<\/li><\/ul>\n\n\n\n<p><\/p>\n\n\n\n<p><a href=\"https:\/\/moreofeverything.org\/\" target=\"_blank\" rel=\"noreferrer noopener\">More Of Everything <\/a>&#8211; A Film About Swedish Forestry<\/p>\n","protected":false},"excerpt":{"rendered":"<p>Biological diversity in forests is necessary for life and sustainable wellbeing. Citizen\u2019s OUR FORESTS -comment demands that forests are protected and forestry is developed to become more ecological. During the next 20 years all 160-year-old forests, that also maintain biodiversity, are vanishing in Finland. In 15 years, some forest inhabitants, such as willow tits and&hellip; <a class=\"more-link\" href=\"https:\/\/meidanmetsamme.org\/index.php\/etusivu\/in-english\/\">Jatka lukemista <span class=\"screen-reader-text\">In English<\/span><\/a><\/p>\n","protected":false},"author":4,"featured_media":0,"parent":861,"menu_order":0,"comment_status":"closed","ping_status":"closed","template":"","meta":{"footnotes":""},"class_list":["post-925","page","type-page","status-publish","hentry","entry"],"yoast_head":"<!-- This site is optimized with the Yoast SEO plugin v27.3 - https:\/\/yoast.com\/product\/yoast-seo-wordpress\/ -->\n<title>In English - MEID\u00c4N METS\u00c4MME \u2011kansalaisliike<\/title>\n<meta name=\"robots\" content=\"index, follow, max-snippet:-1, max-image-preview:large, max-video-preview:-1\" \/>\n<link rel=\"canonical\" href=\"https:\/\/meidanmetsamme.org\/index.php\/etusivu\/in-english\/\" \/>\n<meta property=\"og:locale\" content=\"fi_FI\" \/>\n<meta property=\"og:type\" content=\"article\" \/>\n<meta property=\"og:title\" content=\"In English - MEID\u00c4N METS\u00c4MME \u2011kansalaisliike\" \/>\n<meta property=\"og:description\" content=\"Biological diversity in forests is necessary for life and sustainable wellbeing. Citizen\u2019s OUR FORESTS -comment demands that forests are protected and forestry is developed to become more ecological. During the next 20 years all 160-year-old forests, that also maintain biodiversity, are vanishing in Finland. In 15 years, some forest inhabitants, such as willow tits and&hellip; Jatka lukemista In English\" \/>\n<meta property=\"og:url\" content=\"https:\/\/meidanmetsamme.org\/index.php\/etusivu\/in-english\/\" \/>\n<meta property=\"og:site_name\" content=\"MEID\u00c4N METS\u00c4MME \u2011kansalaisliike\" \/>\n<meta property=\"article:modified_time\" content=\"2021-03-28T10:21:53+00:00\" \/>\n<meta property=\"og:image\" content=\"https:\/\/meidanmetsamme.org\/wp-content\/uploads\/2021\/03\/lapsi-ja-aiti.jpeg\" \/>\n\t<meta property=\"og:image:width\" content=\"1632\" \/>\n\t<meta property=\"og:image:height\" content=\"1224\" \/>\n\t<meta property=\"og:image:type\" content=\"image\/jpeg\" \/>\n<meta name=\"twitter:card\" content=\"summary_large_image\" \/>\n<meta name=\"twitter:label1\" content=\"Arvioitu lukuaika\" \/>\n\t<meta name=\"twitter:data1\" content=\"2 minuuttia\" \/>\n<script type=\"application\/ld+json\" class=\"yoast-schema-graph\">{\"@context\":\"https:\\\/\\\/schema.org\",\"@graph\":[{\"@type\":\"WebPage\",\"@id\":\"https:\\\/\\\/meidanmetsamme.org\\\/index.php\\\/etusivu\\\/in-english\\\/\",\"url\":\"https:\\\/\\\/meidanmetsamme.org\\\/index.php\\\/etusivu\\\/in-english\\\/\",\"name\":\"In English - MEID\u00c4N METS\u00c4MME \u2011kansalaisliike\",\"isPartOf\":{\"@id\":\"https:\\\/\\\/meidanmetsamme.org\\\/#website\"},\"primaryImageOfPage\":{\"@id\":\"https:\\\/\\\/meidanmetsamme.org\\\/index.php\\\/etusivu\\\/in-english\\\/#primaryimage\"},\"image\":{\"@id\":\"https:\\\/\\\/meidanmetsamme.org\\\/index.php\\\/etusivu\\\/in-english\\\/#primaryimage\"},\"thumbnailUrl\":\"https:\\\/\\\/meidanmetsamme.org\\\/wp-content\\\/uploads\\\/2021\\\/03\\\/lapsi-ja-aiti-1024x768.jpeg\",\"datePublished\":\"2021-02-04T11:45:05+00:00\",\"dateModified\":\"2021-03-28T10:21:53+00:00\",\"breadcrumb\":{\"@id\":\"https:\\\/\\\/meidanmetsamme.org\\\/index.php\\\/etusivu\\\/in-english\\\/#breadcrumb\"},\"inLanguage\":\"fi\",\"potentialAction\":[{\"@type\":\"ReadAction\",\"target\":[\"https:\\\/\\\/meidanmetsamme.org\\\/index.php\\\/etusivu\\\/in-english\\\/\"]}]},{\"@type\":\"ImageObject\",\"inLanguage\":\"fi\",\"@id\":\"https:\\\/\\\/meidanmetsamme.org\\\/index.php\\\/etusivu\\\/in-english\\\/#primaryimage\",\"url\":\"https:\\\/\\\/meidanmetsamme.org\\\/wp-content\\\/uploads\\\/2021\\\/03\\\/lapsi-ja-aiti.jpeg\",\"contentUrl\":\"https:\\\/\\\/meidanmetsamme.org\\\/wp-content\\\/uploads\\\/2021\\\/03\\\/lapsi-ja-aiti.jpeg\",\"width\":1632,\"height\":1224},{\"@type\":\"BreadcrumbList\",\"@id\":\"https:\\\/\\\/meidanmetsamme.org\\\/index.php\\\/etusivu\\\/in-english\\\/#breadcrumb\",\"itemListElement\":[{\"@type\":\"ListItem\",\"position\":1,\"name\":\"Home\",\"item\":\"https:\\\/\\\/meidanmetsamme.org\\\/\"},{\"@type\":\"ListItem\",\"position\":2,\"name\":\"Etusivu\",\"item\":\"https:\\\/\\\/meidanmetsamme.org\\\/\"},{\"@type\":\"ListItem\",\"position\":3,\"name\":\"In English\"}]},{\"@type\":\"WebSite\",\"@id\":\"https:\\\/\\\/meidanmetsamme.org\\\/#website\",\"url\":\"https:\\\/\\\/meidanmetsamme.org\\\/\",\"name\":\"MEID\u00c4N METS\u00c4MME \u2011kansalaisliike\",\"description\":\"Pidet\u00e4\u00e4n metsist\u00e4mme parempaa huolta\",\"publisher\":{\"@id\":\"https:\\\/\\\/meidanmetsamme.org\\\/#organization\"},\"potentialAction\":[{\"@type\":\"SearchAction\",\"target\":{\"@type\":\"EntryPoint\",\"urlTemplate\":\"https:\\\/\\\/meidanmetsamme.org\\\/?s={search_term_string}\"},\"query-input\":{\"@type\":\"PropertyValueSpecification\",\"valueRequired\":true,\"valueName\":\"search_term_string\"}}],\"inLanguage\":\"fi\"},{\"@type\":\"Organization\",\"@id\":\"https:\\\/\\\/meidanmetsamme.org\\\/#organization\",\"name\":\"MEID\u00c4N METS\u00c4MME \u2011kansalaisliike\",\"url\":\"https:\\\/\\\/meidanmetsamme.org\\\/\",\"logo\":{\"@type\":\"ImageObject\",\"inLanguage\":\"fi\",\"@id\":\"https:\\\/\\\/meidanmetsamme.org\\\/#\\\/schema\\\/logo\\\/image\\\/\",\"url\":\"https:\\\/\\\/meidanmetsamme.org\\\/wp-content\\\/uploads\\\/2019\\\/10\\\/cropped-meidanmetsamme-logo-ellipse-200px.png\",\"contentUrl\":\"https:\\\/\\\/meidanmetsamme.org\\\/wp-content\\\/uploads\\\/2019\\\/10\\\/cropped-meidanmetsamme-logo-ellipse-200px.png\",\"width\":200,\"height\":123,\"caption\":\"MEID\u00c4N METS\u00c4MME \u2011kansalaisliike\"},\"image\":{\"@id\":\"https:\\\/\\\/meidanmetsamme.org\\\/#\\\/schema\\\/logo\\\/image\\\/\"}}]}<\/script>\n<!-- \/ Yoast SEO plugin. -->","yoast_head_json":{"title":"In English - MEID\u00c4N METS\u00c4MME \u2011kansalaisliike","robots":{"index":"index","follow":"follow","max-snippet":"max-snippet:-1","max-image-preview":"max-image-preview:large","max-video-preview":"max-video-preview:-1"},"canonical":"https:\/\/meidanmetsamme.org\/index.php\/etusivu\/in-english\/","og_locale":"fi_FI","og_type":"article","og_title":"In English - MEID\u00c4N METS\u00c4MME \u2011kansalaisliike","og_description":"Biological diversity in forests is necessary for life and sustainable wellbeing. Citizen\u2019s OUR FORESTS -comment demands that forests are protected and forestry is developed to become more ecological. During the next 20 years all 160-year-old forests, that also maintain biodiversity, are vanishing in Finland. In 15 years, some forest inhabitants, such as willow tits and&hellip; Jatka lukemista In English","og_url":"https:\/\/meidanmetsamme.org\/index.php\/etusivu\/in-english\/","og_site_name":"MEID\u00c4N METS\u00c4MME \u2011kansalaisliike","article_modified_time":"2021-03-28T10:21:53+00:00","og_image":[{"width":1632,"height":1224,"url":"https:\/\/meidanmetsamme.org\/wp-content\/uploads\/2021\/03\/lapsi-ja-aiti.jpeg","type":"image\/jpeg"}],"twitter_card":"summary_large_image","twitter_misc":{"Arvioitu lukuaika":"2 minuuttia"},"schema":{"@context":"https:\/\/schema.org","@graph":[{"@type":"WebPage","@id":"https:\/\/meidanmetsamme.org\/index.php\/etusivu\/in-english\/","url":"https:\/\/meidanmetsamme.org\/index.php\/etusivu\/in-english\/","name":"In English - MEID\u00c4N METS\u00c4MME \u2011kansalaisliike","isPartOf":{"@id":"https:\/\/meidanmetsamme.org\/#website"},"primaryImageOfPage":{"@id":"https:\/\/meidanmetsamme.org\/index.php\/etusivu\/in-english\/#primaryimage"},"image":{"@id":"https:\/\/meidanmetsamme.org\/index.php\/etusivu\/in-english\/#primaryimage"},"thumbnailUrl":"https:\/\/meidanmetsamme.org\/wp-content\/uploads\/2021\/03\/lapsi-ja-aiti-1024x768.jpeg","datePublished":"2021-02-04T11:45:05+00:00","dateModified":"2021-03-28T10:21:53+00:00","breadcrumb":{"@id":"https:\/\/meidanmetsamme.org\/index.php\/etusivu\/in-english\/#breadcrumb"},"inLanguage":"fi","potentialAction":[{"@type":"ReadAction","target":["https:\/\/meidanmetsamme.org\/index.php\/etusivu\/in-english\/"]}]},{"@type":"ImageObject","inLanguage":"fi","@id":"https:\/\/meidanmetsamme.org\/index.php\/etusivu\/in-english\/#primaryimage","url":"https:\/\/meidanmetsamme.org\/wp-content\/uploads\/2021\/03\/lapsi-ja-aiti.jpeg","contentUrl":"https:\/\/meidanmetsamme.org\/wp-content\/uploads\/2021\/03\/lapsi-ja-aiti.jpeg","width":1632,"height":1224},{"@type":"BreadcrumbList","@id":"https:\/\/meidanmetsamme.org\/index.php\/etusivu\/in-english\/#breadcrumb","itemListElement":[{"@type":"ListItem","position":1,"name":"Home","item":"https:\/\/meidanmetsamme.org\/"},{"@type":"ListItem","position":2,"name":"Etusivu","item":"https:\/\/meidanmetsamme.org\/"},{"@type":"ListItem","position":3,"name":"In English"}]},{"@type":"WebSite","@id":"https:\/\/meidanmetsamme.org\/#website","url":"https:\/\/meidanmetsamme.org\/","name":"MEID\u00c4N METS\u00c4MME \u2011kansalaisliike","description":"Pidet\u00e4\u00e4n metsist\u00e4mme parempaa huolta","publisher":{"@id":"https:\/\/meidanmetsamme.org\/#organization"},"potentialAction":[{"@type":"SearchAction","target":{"@type":"EntryPoint","urlTemplate":"https:\/\/meidanmetsamme.org\/?s={search_term_string}"},"query-input":{"@type":"PropertyValueSpecification","valueRequired":true,"valueName":"search_term_string"}}],"inLanguage":"fi"},{"@type":"Organization","@id":"https:\/\/meidanmetsamme.org\/#organization","name":"MEID\u00c4N METS\u00c4MME \u2011kansalaisliike","url":"https:\/\/meidanmetsamme.org\/","logo":{"@type":"ImageObject","inLanguage":"fi","@id":"https:\/\/meidanmetsamme.org\/#\/schema\/logo\/image\/","url":"https:\/\/meidanmetsamme.org\/wp-content\/uploads\/2019\/10\/cropped-meidanmetsamme-logo-ellipse-200px.png","contentUrl":"https:\/\/meidanmetsamme.org\/wp-content\/uploads\/2019\/10\/cropped-meidanmetsamme-logo-ellipse-200px.png","width":200,"height":123,"caption":"MEID\u00c4N METS\u00c4MME \u2011kansalaisliike"},"image":{"@id":"https:\/\/meidanmetsamme.org\/#\/schema\/logo\/image\/"}}]}},"_links":{"self":[{"href":"https:\/\/meidanmetsamme.org\/index.php\/wp-json\/wp\/v2\/pages\/925","targetHints":{"allow":["GET"]}}],"collection":[{"href":"https:\/\/meidanmetsamme.org\/index.php\/wp-json\/wp\/v2\/pages"}],"about":[{"href":"https:\/\/meidanmetsamme.org\/index.php\/wp-json\/wp\/v2\/types\/page"}],"author":[{"embeddable":true,"href":"https:\/\/meidanmetsamme.org\/index.php\/wp-json\/wp\/v2\/users\/4"}],"replies":[{"embeddable":true,"href":"https:\/\/meidanmetsamme.org\/index.php\/wp-json\/wp\/v2\/comments?post=925"}],"version-history":[{"count":9,"href":"https:\/\/meidanmetsamme.org\/index.php\/wp-json\/wp\/v2\/pages\/925\/revisions"}],"predecessor-version":[{"id":1908,"href":"https:\/\/meidanmetsamme.org\/index.php\/wp-json\/wp\/v2\/pages\/925\/revisions\/1908"}],"up":[{"embeddable":true,"href":"https:\/\/meidanmetsamme.org\/index.php\/wp-json\/wp\/v2\/pages\/861"}],"wp:attachment":[{"href":"https:\/\/meidanmetsamme.org\/index.php\/wp-json\/wp\/v2\/media?parent=925"}],"curies":[{"name":"wp","href":"https:\/\/api.w.org\/{rel}","templated":true}]}}